et t(c) = 2*c**2 - 4 + 0 - 2*c + 1. What are the prime factors of t(6)?
3, 19
Let i(h) = -13*h + 3. Suppose -2*s = -2*b - 6, -4*s + 4*b - 3*b = -18. Let d be i(s). List the prime factors of (d + 14)*(-2)/6.
2
Suppose -4*t = 42 + 26. Let r(f) = f**3 + 16*f**2 - 16*f + 16. Let u be r(t). What are the prime factors of 42 + (u - (-2 - 2))?
3, 5
Let j = 9841 - 3186. What are the prime factors of j?
5, 11
Suppose 23*c = -2*b + 18*c + 5231, 5*b - 5*c - 12990 = 0. List the prime factors of b.
19, 137
Let j = 21 + 19. Let u = -34 + j. What are the prime factors of u?
2, 3
Suppose -5*k + 148 = -m + 5*m, 2*m - 154 = -5*k. List the prime factors of k.
2
Let l = -561 - -823. List the prime factors of l.
2, 131
Let m = 163 - 31. List the prime factors of m.
2, 3, 11
Let r(x) = -171*x - 11. Suppose -2*c + 11 = -5*i, -5*i - 2 = 5*c - 4*c. List the prime factors of r(i).
2, 5
Let y(r) = 58*r**2 - 2*r + 1. Let j(n) = -58*n**2 + 2*n - 1. Let t(d) = -6*j(d) - 5*y(d). What are the prime factors of t(1)?
3, 19
Let y(c) = c**3 + 14*c**2 - 15*c + 13. Let p be y(-15). Suppose p*a = 8*a + 1490. List the prime factors of a.
2, 149
Suppose -u = -2, -3*u - 5 = -9*r + 8*r. What are the prime factors of r?
11
What are the prime factors of ((-10)/30)/(2/(-642))?
107
Let w(f) = 3*f**2 - 7*f + 74. What are the prime factors of w(16)?
2, 5, 73
Suppose -g + 189 + 307 = 0. List the prime factors of g.
2, 31
Suppose -5*l + 11783 + 5797 = 0. What are the prime factors of l?
2, 3, 293
Suppose -5*j = -4*k + 19 + 23, -2*j + k - 18 = 0. Let n(l) = l**2 + 6*l - 6. Let t be n(j). Suppose w = -w + t. List the prime factors of w.
17
Let m(v) = 28*v - 226. What are the prime factors of m(38)?
2, 419
Suppose -2*c = -i + 10, -c - 22 = -5*i + 2*c. Suppose 0 = p, 0*n + 242 = i*n + 3*p. List the prime factors of n.
11
Suppose -5*u + 10*u = 910. Suppose -29 + u = 3*j. What are the prime factors of j?
3, 17
Let x = 7 + -12. Let v(h) = -h - 3. Let m be v(x). Suppose -22 = -4*i - 3*z, 3*i - m*z = i + 4. List the prime factors of i.
2
List the prime factors of (-2)/10 + (15834/70 - -8).
2, 3, 13
Let o(p) = 8*p**3 - 2*p**2 + 1. Let g be o(-1). List the prime factors of (-48)/g*(-6)/4*-13.
2, 13
Suppose z = 4*w - w - 1614, 2*z = -5*w + 2679. List the prime factors of w.
3, 179
Suppose 2*a - 3*s + 9 = a, 5*a + 2*s = 40. Let b be (106/8)/(a/24). Let m = b - 30. What are the prime factors of m?
23
Let k = 45 + 9. Let c be ((-2)/(-6))/(6/k). Suppose 2*a + 21 = c*a. What are the prime factors of a?
3, 7
List the prime factors of 18/(-27)*-473*(0 - -3).
2, 11, 43
Let o(i) = 0*i + 132 - 131 + i. List the prime factors of o(17).
2, 3
Let n(z) = z**3 - 4*z**2 - 8*z - 4. Let v be n(6). Let g = -113 + 228. Suppose 0 = 5*x - g - v. List the prime factors of x.
3
What are the prime factors of (-7)/(28/(-1840)) + -6?
2, 227
Let m(n) = 41*n**2 - 61*n + 10. List the prime factors of m(10).
2, 5, 7
Let i be (2 - 6)/(11/3 + -3). What are the prime factors of i/(-24) + 387/4?
97
Let i be 15*((-13)/(-24) - (-3)/24). Let r = 158 - i. What are the prime factors of r?
2, 37
Let w = -12 - 0. Let d = -14 - w. List the prime factors of (1 - d)*1 + 0.
3
Let r(w) = 6*w**2 + 4*w - 12. Let s(z) = 7*z**2 + 3*z - 13. Let o(h) = 6*r(h) - 5*s(h). List the prime factors of o(7).
3, 5, 7
Let s(g) = 2*g + 12. Let f be s(9). Let j be 12/f - 44/10. Let x = 11 - j. What are the prime factors of x?
3, 5
Suppose -6*m + 50 = -m. List the prime factors of (4/10)/(1/m).
2
Suppose -6*h = -5*h - 5*j - 4548, 0 = 5*h - j - 22644. List the prime factors of h.
2, 283
Let a(p) = 6*p**2 + 1. What are the prime factors of a(-5)?
151
Suppose 0 = i + 56 + 93. What are the prime factors of i/(-1) - (3 - 7)?
3, 17
Suppose -33*h = -24674 - 15058. List the prime factors of h.
2, 7, 43
Suppose -7*c + 4*c = -q + 4219, -21075 = -5*q - 5*c. List the prime factors of q.
2, 17, 31
Let b(x) be the third derivative of x**6/720 + x**5/30 - 11*x**4/24 - x**2. Let w(i) be the second derivative of b(i). What are the prime factors of w(0)?
2
Let i(s) = s - 7. Let c be i(6). Let y be (0/c)/(-6 - -4). Let z(g) = g**3 - g**2 + g + 53. What are the prime factors of z(y)?
53
Let p be 8 + -8 - -1*20. Suppose -2*s - 126 = -5*j + s, j + 2*s = p. List the prime factors of j.
2, 3
Let l(d) = d**3 - 19*d**2 + 18*d + 2. Let y be l(18). Let f(q) = q**3 - 7*q**2 + 6*q. Let x be f(6). Suppose x*i = y*i - 38. What are the prime factors of i?
19
Let p(s) = 6*s**2 - 5*s - 3. Suppose -2*g + g - 26 = -4*y, -4*y + 14 = g. What are the prime factors of p(g)?
3
Let b(l) be the first derivative of -l**4/4 + 7*l**3/3 + 3*l**2/2 + 4*l + 23. Suppose -2*i - 34 = -4*t, t = -3*i - 2*i - 19. What are the prime factors of b(t)?
2, 29
Suppose 11*k = -157 + 14. Suppose 235 = 3*n + 2*n. Let l = k + n. List the prime factors of l.
2, 17
Let u(h) = -h**2 - 13*h - 7. Let v be u(-12). Suppose -2*m = -5*m - 4*i + 50, -i + 106 = 5*m. List the prime factors of m/(-55) + 87/v.
17
Let v = 113 + -113. Let i(b) = -6*b + 237. What are the prime factors of i(v)?
3, 79
Let g(l) = l**3 + 6*l**2 + 4*l - 3. Let f be g(-4). Let k = f - -6. Let i = 25 - k. List the prime factors of i.
2, 3
Suppose 515*o = 522*o + 84. Let r(s) = 3*s**2 - 16*s - 16. Let f(h) = 2*h**2 - 16*h - 16. Let a(t) = 4*f(t) - 3*r(t). What are the prime factors of a(o)?
2
Let b(i) = -13*i**3 + 2*i**2 + 7*i + 1. What are the prime factors of b(-6)?
17, 167
Let y = -34 + 33. Let h(q) = -6*q**3 - 2*q**2 - 2*q - 1. Let k be h(y). Suppose 0 = -k*z - 5*a + 50, -2*a - 7 - 6 = -z. List the prime factors of z.
11
Let t = -90 - -90. Suppose -q + 3*v + 8 = 0, t = 5*q - 5*v - 15 - 5. List the prime factors of q.
2
Let w be -2 + 1 - 25 - -1. Let k be -3 + 11 - (39 - 51). List the prime factors of k/w*210/(-4).
2, 3, 7
Let o(u) be the first derivative of -u**4/4 + 10*u**3/3 - 3*u**2 + 5*u + 8. Let h be o(10). Let q = 85 + h. What are the prime factors of q?
2, 3, 5
Let p = -6419 - -11720. List the prime factors of p.
3, 19, 31
Let s = -1652 + 2850. What are the prime factors of s?
2, 599
Let a(x) = -x**2 - 46*x - 226. List the prime factors of a(-22).
2, 151
Suppose -10*y + 6*y = -8. Suppose 54 = 4*c + 2*q, y*c + 4*q - 3 = c. List the prime factors of c.
3, 5
What are the prime factors of (164 - -2 - -4)/((-16)/(-24))?
3, 5, 17
Let r be 1678/4 - 2/(-4). Suppose 3*l + 84 = r. What are the prime factors of l/20*(-1 - -6)?
2, 7
Suppose -r = 3*r - 92. Let b = r - 10. Let p = b - -5. List the prime factors of p.
2, 3
Let i = 100 - -245. Suppose -3*s = 3*t - 447, s + i = 4*t - 241. What are the prime factors of t?
3, 7
Let v be 1 - (2 + 4)/(-3). Suppose -3*d + 6*t + 105 = v*t, -4*t + 20 = 0. List the prime factors of d.
2, 5
Let f(m) be the third derivative of -m**5/60 - 3*m**4/8 - 4*m**3/3 - 8*m**2. Let z be f(-8). Suppose -19 + z = -s. List the prime factors of s.
19
Let o(l) = 4*l**2 + 4*l - 1. Let c be o(-3). Suppose x - c = 2*r, 2*r + 2*r + 20 = 0. Suppose 4*i + 7 + x = 0, 120 = 5*w + 2*i. What are the prime factors of w?
2, 13
Suppose 0 = 19*u - 14*u - 25. Suppose 3*t = -0*g - 2*g + 440, 4*g - 878 = -u*t. What are the prime factors of g?
7, 31
Let c(m) = m**3 - 3*m**2 + 2*m - 8. Let d(x) = -2*x**3 + 5*x**2 - 4*x + 16. Let f(q) = -5*c(q) - 3*d(q). List the prime factors of f(5).
127
Let p be -4*(15/12)/(-1). Suppose -3*z + p*d + 30 = 2*z, -3*z = 2*d - 8. Suppose z*v + v - 255 = 0. What are the prime factors of v?
3, 17
Let x(n) = -23*n - 7. Let s be x(-5). Let f = -70 + s. List the prime factors of f.
2, 19
Suppose 0 + 20 = 4*p. Let u = 0 + 34. List the prime factors of u/(-4)*(-10)/p.
17
Let m be (90/24)/(1*(-3)/(-12)). List the prime factors of ((-6)/(-4))/((-7)/((-2240)/m)).
2
Let k = 236 - -743. List the prime factors of k.
11, 89
Let q(o) = -3*o + 15. What are the prime factors of q(2)?
3
Let l be -20*(-2)/(-8)*-2. Let q(x) = l*x + 7*x - 12*x - 3. List the prime factors of q(4).
17
Let b be 21 + -3 + 2 - 2. Let z = -18 + b. Let o(g) = g**3 - g**2 + 9. List the prime factors of o(z).
3
Suppose 5*t - 17*t = -7728. Let b = 904 - t. List the prime factors of b.
2, 5, 13
Suppose 0 = -3*o - 5*m + 28, 0 = -4*o - m + 2*m + 22. Suppose 0 = -o*z + 177 + 21. What are the prime factors of z?
3, 11
Let c be -7 + 2 + 2/(-2). Let p = c + 4. List the prime factors of -1*(p + (